divisor of 31 and q?
31
Let y be ((-10)/(-50))/((-1)/(-5)). Suppose 5*z - 64 = 26. Let x be 1/(z/(-10) - -2). What is the highest common divisor of y and x?
1
Let h = 40676 + -40646. Calculate the greatest common divisor of h and 7290.
30
Suppose 13 = -5*t + 33. Suppose -239 - 102 = -3*c + b, t*c - 5*b - 440 = 0. What is the highest common divisor of 5 and c?
5
Let x = 4680 + -2566. Suppose 0 = -4*l - 5*o + x, 2*l = -0*l + 3*o + 1068. Let h = l - 351. What is the greatest common factor of 20 and h?
20
Suppose -3*q = 21*x - 19*x - 19, -4*x - 7 = -3*q. Suppose x*p - 122 = -3*y + 2*y, -483 = -4*y - 3*p. What is the highest common factor of y and 540?
60
Let g(f) = -4*f - 106. Suppose -s - 13 = 18. Let d be g(s). Calculate the highest common factor of 54 and d.
18
Let x(a) = -a**2 + 57*a - 561. Let n be x(36). What is the highest common divisor of n and 15?
15
Suppose 5*m = 3*k + 20443, -4*k = 13*m - 9*m - 16348. Calculate the greatest common factor of m and 7.
7
Suppose 4*q + 49*r - 112475 = 44*r, -5*q + 140598 = 2*r. Calculate the highest common divisor of 80 and q.
40
Let z be ((-714)/35)/((-9)/30) + 5. Let g = -68 + z. Let c(s) = -10*s. Let q be c(-2). What is the greatest common divisor of g and q?
5
Let t be (21/35 - 8/5) + 477. Suppose 2*h = -a + 191, t = 6*h - h + a. Suppose b = h + 90. Calculate the greatest common factor of b and 74.
37
Suppose 42*f + 2 = 43*f. Suppose -f*h = -4*v - 28, 5*v - v - 44 = -4*h. Let y be (-90)/2*(-8)/6. What is the greatest common divisor of y and h?
12
Let w(v) = 14*v**3 - 1. Suppose -6*o + 117 = -9*o. Let x = 40 + o. Let h be w(x). What is the highest common factor of h and 91?
13
Suppose -30 = -12*s + 2*s. Suppose 0 = 3*j + s*c - 167 + 38, 0 = 2*j - c - 83. What is the greatest common factor of j and 12?
6
Let t be 7225/5 + (-32 - -27). Calculate the greatest common factor of t and 270.
90
Suppose 4*u - 420 = -549 + 1025. Calculate the greatest common factor of u and 14.
14
Let m be ((-15)/(-12))/((-7)/(-28)). Let s = -5 + 7. Suppose 0 = -k - s*a + 9, -m*k + a + 14 + 31 = 0. What is the greatest common factor of 63 and k?
9
Let u be ((-16)/(-28))/(14/49). Suppose -g + 4 = -3*g, -a + 72 = u*g. What is the greatest common factor of a and 190?
38
Let o be (-11)/(286/12060) + (-4)/26. Let h = o - -1256. Calculate the greatest common divisor of h and 72.
72
Let i be 2*17*(-53)/(-2). Let z be (-158)/(-3) + -26 + 474/18. Calculate the highest common factor of i and z.
53
Suppose 11*v + 43 = 14*v + 4*x, v - 25 = 4*x. What is the highest common factor of v and 3349?
17
Let y = -93 + 229. Suppose -2*l = -5*h + 263, h + 2*l = -2 + 45. Calculate the highest common divisor of h and y.
17
Let u(t) = -t**3 + 12*t**2 + 45*t - 20. Let a be u(-7). What is the highest common factor of 2 and a?
2
Suppose 240*m - 2172 = 1428. Calculate the greatest common factor of m and 1620.
15
Suppose -3*b = -91 - 170. Let r be 5/((1/(-116))/((-142)/710)). Calculate the highest common factor of r and b.
29
Suppose -1980 = 18*l - 29*l. Let h be (3 - (-192)/(-20))/((-6)/l). What is the greatest common factor of h and 66?
66
Let w(v) = -9*v**3 + 30*v**2 - 13*v - 5. Let i be w(-6). What is the greatest common factor of i and 19?
19
Let q(l) = 3*l + 8. Let a be q(-4). Let n(v) = 8*v**2 + v + 1. Let o be n(a). Suppose -14 - 136 = -3*p. What is the highest common factor of p and o?
25
Let d be -5*(-14 - (-2 - 1)). Let k(c) = 4*c + 21. Let x be k(-4). Calculate the greatest common factor of d and x.
5
Suppose -i + 36 = 5*s, 0 = s + 4*s - 10. Suppose 2*y - 51 - 1 = 0. What is the highest common divisor of i and y?
26
Suppose 145 - 131 = v. Let n = v - -13. What is the greatest common divisor of 18 and n?
9
Let j(y) = -y**3 - 14*y**2 - 2*y + 100. Let f be j(-16). Let n = -572 + f. What is the greatest common divisor of 16 and n?
8
Let x(k) = k**3 - 21*k**2 + 20*k + 41. Let s be x(20). Let l(z) = 6*z**2 + 27*z + 68. Let v be l(-3). What is the greatest common factor of v and s?
41
Let k(n) = 12*n**3 - 2*n**2 - 14*n - 14. Let z be k(4). What is the highest common divisor of 63 and z?
9
Let s = 14031 + -13977. What is the highest common divisor of 8298 and s?
18
Let g be (-114939)/(-1701) + (1 - 19) - (-6)/14. Let y be ((-24)/(-10))/((-24)/(-80)). What is the highest common divisor of g and y?
2
Suppose 39*x - 42*x - z = -370, -258 = -2*x + 5*z. Let y = -383 - -941. What is the highest common divisor of y and x?
62
Suppose m = -3*d + 580, -5*m + 2805 = 3*d - 7*d. Let b = m + -341. What is the greatest common factor of b and 28?
28
Let s be 45/20*6 + 49/(-14). Suppose -18 = -2*u + 22. Calculate the greatest common divisor of u and s.
10
Let g = 1829 - 1080. Suppose 0 = -9*i + g + 277. What is the greatest common factor of i and 6?
6
Let v(s) = 2*s**2 - s. Let p be v(-2). Let c(r) = 27*r - 6. Let d be c(p). Suppose -15*k = -19*k + d. Calculate the highest common factor of k and 99.
33
Suppose 18*q = 5*j + 21*q - 717, -2*j + 289 = -q. Let b = j + -48. What is the highest common divisor of 96 and b?
96
Let f = 1725 + -1085. What is the greatest common divisor of f and 120?
40
Let w be (-721110)/(-1365) + -2 + (-12)/(-7). Calculate the highest common divisor of 99 and w.
33
Let w = -18431 - -27530. Calculate the greatest common factor of 27 and w.
27
Let n(w) = -16 + 7*w - 37 - 4*w. Let q be n(19). Suppose -45 - 67 = -q*l. Calculate the greatest common divisor of l and 42.
14
Suppose g - n - 4795 = 0, -g - 10*n = g - 9590. Calculate the greatest common divisor of 35 and g.
35
Let q be 2/(14/2569) + 1*4. Let z be ((-10)/50)/(q/(-185) + 2). What is the highest common factor of 148 and z?
37
Let f = -2027 - -2295. What is the highest common divisor of 6164 and f?
268
Suppose -5*f + 53343 = 7458 - 1175. Calculate the greatest common factor of 52 and f.
52
Let s = 195 + -137. Suppose -3*l = -0*m + m - s, -4*m + 232 = -4*l. What is the highest common divisor of 87 and m?
29
Let i(y) = -y**2 - 102*y - 104. Let h be i(-40). What is the highest common factor of h and 96?
24
Let u(a) = -3*a**2 - 29*a + 39. Let m be u(-9). Calculate the greatest common factor of m and 3230.
19
Suppose 0 = 9012*n - 9010*n - 160. What is the greatest common divisor of 272 and n?
16
Let m(x) = -8*x**2 + 42*x - 37. Let h be m(3). What is the highest common factor of h and 6205?
17
Suppose 122*q + 8769 = 274*q - 4911. Suppose 4*y = 4*u + 302 + 70, y - 5*u - 105 = 0. What is the highest common divisor of y and q?
90
Suppose 32*i = 27*i + x - 14, -3*i = -5*x + 4. Let p(k) = 12*k**2 + 15. Let g be p(i). Calculate the greatest common divisor of 82 and g.
41
Let q(c) = 8*c - 3. Suppose 12*x - 14 = -2. Let o be q(x). Suppose -o*s = -264 - 201. What is the highest common divisor of s and 62?
31
Let u be ((-5)/2)/(572/7152 + 13/(-156)). Calculate the greatest common divisor of 15 and u.
5
Let n = -2909 - -3233. What is the highest common divisor of 2052 and n?
108
Let f be (2 - 6522/(-51)) + 315/(-357) + 1. What is the highest common divisor of f and 1014?
26
Suppose -5*p + b = -276 + 207, -2*p = -5*b. Suppose 2*q - q = 45. What is the greatest common divisor of q and p?
15
Let w(x) = x**3 - x + 42. Suppose -31 = 3*a + 23. Let q be (-2 - -2)/(a/(-12)*-2). Let b be w(q). Calculate the highest common divisor of 42 and b.
42
Let z be ((-2)/7 + (-27)/(-21))*52. Let j = z + -58. Let i = j + 26. What is the greatest common factor of 180 and i?
20
Let j = 13952 - 13834. What is the greatest common divisor of j and 4?
2
Let k(i) = 210*i - 620. Let x be k(3). Suppose -2150 = -5*f - 0*f. Calculate the greatest common divisor of x and f.
10
Let f(b) = -10*b + 5. Suppose -5*u + 3*r = 2, -2*u + 0*r + 2*r = 0. Let y be f(u). Let a = 88 + -13. What is the greatest common divisor of a and y?
15
Let w = -5911 + 8394. What is the highest common divisor of 1337 and w?
191
Suppose 3*r - 1290 = 4*d - 162, 4*r - d = 1530. Calculate the greatest common divisor of 3264 and r.
192
Let n be (-124)/(-403) + (-6480)/(-65). Suppose -r - 3*s = -8, -4*s = 4*r - r - 44. Calculate the greatest common factor of r and n.
20
Let s(x) = 782*x - 21051. Let n be s(27). Suppose 0*r + 630 = 2*r. What is the highest common factor of r and n?
63
Suppose 16 = -2*l + 24, 4*y + 8 = 4*l. Let r(b) = -12*b + 55. Let o be r(y). What is the hi